 - 3*l = -40. Suppose -2003 = -l*o + 327. Suppose 2*u - 5*n = o, -2*n + 362 = 2*u + 108. List the prime factors of u.
2, 31
Let v(j) = j**3 + 12*j**2 + 9*j - 36. Let z be v(-11). What are the prime factors of (-3 - (-43)/1) + z/7?
2, 19
Suppose -12*x + 361 = -95. Suppose -3*f + 5*c = -15 - 11, x = 3*f + c. List the prime factors of f.
2, 3
Suppose -4 - 4 = -4*u. Suppose -w - g + u*g + 74 = 0, 2*g + 225 = 3*w. Suppose -3*d + w + 58 = 0. List the prime factors of d.
3, 5
Suppose 4*l + 4*v = 68632, 61*v + 34292 = 2*l + 66*v. What are the prime factors of l?
2, 3, 2861
Let y(t) = t**3 + 14*t**2 - 3*t - 42. Let x be y(-14). List the prime factors of 75 + -13 - (-1 - x/1).
3, 7
Let w(f) = -1. Let b(i) = -2*i + 24. Let t(x) = b(x) + 3*w(x). Let q be t(8). Suppose -q*o + 5 = -5, -155 = -s - 4*o. List the prime factors of s.
3, 7
List the prime factors of 2*(-2 + -3453)*-3.
2, 3, 5, 691
Let r be 2393 + (-1)/(3/9) + -2. Suppose -8*p + 2*p + r = 0. List the prime factors of p.
2, 199
Let p be -1 - (42/(-7) + 3). Suppose -t = -p*w + 2078, -5*w + 4*t - 5221 = -10*w. What are the prime factors of w?
3, 347
Let a = -15 - -15. Let t(w) = 4*w**2 - 3*w - 2. Let l be t(a). List the prime factors of 209*2*(-1)/4*l.
11, 19
Let c(k) = 2*k**3 - 2*k**2 + 2*k - 3. Let i be c(4). Let l = 79 - i. Let s = 37 + l. List the prime factors of s.
3, 5
Suppose -b = 5*r + 24, -b = -4*r - 20 - 1. What are the prime factors of 911 - -1*15/((-25)/r)?
2, 457
Let i(q) = -q**2 - 11*q - 19. Let m be i(-9). Let g be m + (-25)/(-4 - -3). Let l = 132 - g. What are the prime factors of l?
2, 3
Suppose -4*f + m = -1439, 6*f = f + 5*m + 1795. Suppose 3*q + f = -3*q. Let i = -26 - q. What are the prime factors of i?
2, 17
Suppose -97*l + 984 = -238416 - 13964. List the prime factors of l.
2, 653
Suppose 7*i = -317 + 51. Let b(a) = -a**2 + 200. Let h be b(0). Let o = h - i. List the prime factors of o.
2, 7, 17
Let z = -641 + 7864. What are the prime factors of z?
31, 233
Suppose y - 2*t - 2823 = 16987, -4*y + 79276 = 4*t. List the prime factors of y.
2, 2477
Let g(l) = 71*l**2 + 7*l - 68. List the prime factors of g(9).
2, 13, 17
Let z be (5 + -1)*((-5)/2 + 2). Let o be -195 + 0 + (z - -2). Let s = o - -273. What are the prime factors of s?
2, 3, 13
Suppose -5*b = -0*n + n - 53, -2*b = -5*n + 238. Let j = n + -35. Let m = 36 - j. List the prime factors of m.
23
Suppose -5*o + 7*y = 4*y - 4069, 0 = -4*o - y + 3245. Suppose -2*j + 3225 = 4*a + j, -a = -5*j - o. List the prime factors of a.
3, 269
Suppose 8*p + 382636 = -83*p + 1471815. What are the prime factors of p?
11969
Let u(i) = i**3 - 15*i**2 + 18*i + 20. Let j be u(12). Let n = j + 920. What are the prime factors of n?
2, 181
What are the prime factors of 22/(50/(-60540)*(-12)/15)?
3, 11, 1009
Let t = 230 + -226. Suppose 0 = 4*k - b - 1531, t*k + k + 4*b - 1898 = 0. List the prime factors of k.
2, 191
Let r = 23 + -9. Suppose r = -2*i + 20. Suppose c + i*m + 24 - 125 = 0, -4*c = m - 437. List the prime factors of c.
2, 5, 11
Let l be (6 - 66/8)*(-512)/(-24). Suppose 5*x + 74 = 3*x. Let p = x - l. List the prime factors of p.
11
What are the prime factors of (-136060)/(-60) + -8 + 1/3?
2, 5, 113
Let i = -51 + 132. Let y be 368*1 + (-195)/(-65). Suppose -y = -2*v + i. List the prime factors of v.
2, 113
Suppose -242*r + 272*r - 325320 = 0. What are the prime factors of r?
2, 2711
Suppose -2*n = -5*d + 28, -2*d = 3*n - 7*d + 42. Let z(h) = -h**3 - 14*h**2 + 8*h - 14. Let i be z(n). Let w = i + 219. What are the prime factors of w?
3, 31
Let s = -561 - -885. Let f = s + -126. What are the prime factors of f?
2, 3, 11
Let n be 61936/28*((-2)/4 - -1). Suppose 2*h - n = 680. What are the prime factors of h?
19, 47
What are the prime factors of 322794/8 - (-240)/320?
2, 3, 5, 269
What are the prime factors of 3807/2*120/45 - (-4 + 6)?
2, 43, 59
Suppose -l + 6 = 2*w, -5*l + 27 - 4 = 3*w. Suppose w = a - 7. Suppose -a*c = -6*c - 170. What are the prime factors of c?
5, 17
Let i(m) = 192*m - 507. List the prime factors of i(13).
3, 13, 17
Let p(f) = -538*f**2 - 20*f - 19. Let d be p(-1). Let x = d - -999. What are the prime factors of x?
2, 3, 7, 11
Suppose -24*l - 4727 = -25*l. Suppose 0 = 3*k + 3*j - 4731, 2*j = 4*k - 7*k + l. What are the prime factors of k?
11, 13
Suppose -3*k - 4*o = -67851, 3*k + 7*o - 67851 = 2*o. List the prime factors of k.
3, 7, 359
Let v = -12 - -14. Suppose 0*y = -v*y + 692. Suppose y = 4*o - f, 2*f - 5 = -o + 86. List the prime factors of o.
3, 29
Let o(v) = v + 11. Let r be o(-11). Suppose -14*j + 726 + 4986 = r. List the prime factors of j.
2, 3, 17
Let s = -89 - -94. Suppose s*c - c - 496 = 0. List the prime factors of c + (-2)/(-2) + -4.
11
What are the prime factors of (-3)/(-33)*11 - (-30832 - 4)?
3, 19, 541
Let m = 12273 - 3382. What are the prime factors of m?
17, 523
Suppose -5*v = 725 - 10325. What are the prime factors of v?
2, 3, 5
Let g(c) = 19*c**2 + 14*c + 7. Suppose -14*w + 12*w - 12 = 2*a, -5*w - 26 = a. List the prime factors of g(w).
2, 103
Suppose 2 = 2*f + 2*l - 24, -2*l + 10 = 0. Suppose 3*j = -f*j + 7260. List the prime factors of j.
2, 3, 5, 11
Suppose 3*n + 46*l - 161055 = 43*l, n - 53679 = l. What are the prime factors of n?
2, 3, 23, 389
Suppose 31 = 5*d - j, j = 4*d - 13 - 12. List the prime factors of 4/8*2019*8/d.
2, 673
Suppose 4*g + 4*n + 0*n = 0, -2*n + 6 = 4*g. What are the prime factors of (g - 315/20)/(2/(-104))?
3, 13, 17
Suppose 8*q = 7*q - 3*t - 109, -4*t - 468 = 4*q. Let v = q + 1201. What are the prime factors of v?
2, 3, 5
Suppose -4*i + 3*v - 20742 = -181438, 2*i = -5*v + 80296. What are the prime factors of i?
2, 5021
Let h be 77/(-91) - (-6)/(-39). What are the prime factors of (3641/22)/(h/(-4))?
2, 331
Let a(u) = -267*u + 6144. List the prime factors of a(-104).
2, 3, 157
Let y(o) = o**3 + o**2 - 7*o - 5. Let c be y(-2). Let f(v) be the first derivative of v**4/4 - v**3 + 2*v**2 - 4*v + 5. List the prime factors of f(c).
2, 3, 11
Let m = 38 + -44. List the prime factors of (-4)/m*(-1 - 5) + 362.
2, 179
Suppose -218*o + 612 = 212 - 254. Suppose 0 = 3*d - 5*d + 4*q - 8, 5*q = 5*d + 10. Suppose 2*z + 731 = 3*v + z, d = -o*z - 15. What are the prime factors of v?
2, 11
Let z(d) = d**3 + 21*d**2 + 18*d + 4. Let a be z(-21). Let b = 467 + a. What are the prime factors of b?
3, 31
Let w be -5 + 5/((-5)/(-58)). Suppose 54*m - 296 = w*m. List the prime factors of m.
2, 37
Let m(u) = u**3 - u**2 - u + 1. Let q be m(2). Suppose g - 2 = 2*s - s, 3*s - 24 = -q*g. List the prime factors of 68 + (-2)/6*s.
67
Let r = 32 + -29. Let w be 10 + (-3 - (-6)/r). What are the prime factors of (456/w - -4)*(-3)/(-2)?
2, 41
Let u = -1188 + 1246. List the prime factors of u.
2, 29
Let z(y) = -y + 23. Let i be z(11). Suppose 0 = -i*q + 8*q, r - 558 = -5*q. What are the prime factors of r?
2, 3, 31
Let o = 43 - 42. Suppose -2*g + o = 3. List the prime factors of 6*1/6 - (-20 - g).
2, 5
Let d(c) = 99*c + 8. Let l(v) = 0 - 100*v + 1 - 10. Let a(z) = 3*d(z) + 2*l(z). What are the prime factors of a(1)?
103
Let v(h) = 528*h**2 - 28*h + 50. List the prime factors of v(2).
2, 3, 13
Let n(v) = 18*v**2 - 18*v + 5. Suppose -9*w + 20 = -5*w. List the prime factors of n(w).
5, 73
Let p(j) = j**3 - 28*j**2 + 336*j - 101. List the prime factors of p(18).
2707
Suppose -3*s - 1 + 22 = 4*r, -4*r + 18 = 2*s. Let j be 171/6 - s/(-2). Suppose -j = -w + 88. What are the prime factors of w?
2, 59
Suppose -2*y = -0*y - 6. Suppose -5*d - 25 = -4*k, -y*d = -k - 2*k + 21. What are the prime factors of 836/k + (-2)/(-5)?
2, 3, 7
Suppose 0 = -9*z - 8*z + 51. Suppose -3*i = -2*w + 23, 21 = 4*w + 2*i - z*i. Suppose w*b - b + v = 319, -b = 2*v - 108. List the prime factors of b.
2, 53
Suppose -44*r = -50*r + 14154. Suppose p = -3*j + 5*p + r, 0 = -3*j - 4*p + 2327. Suppose 3*i = -5*f + j, -2 = -i - 0*i. List the prime factors of f.
5, 31
Let m(a) = 228*a - 2404. List the prime factors of m(17).
2, 23
Let i be (-1)/(-4 - -5) + -2 + 5. Suppose 0 = 3*t + i*t - 1355. What are the prime factors of t?
271
Suppose -40*z - 98677 = -352157. What are the prime factors of z?
6337
Suppose -6 + 66 = 12*y. Suppose -y*p + 6*p - 4 = 0. Suppose 2*m - 5*i = 67, p*i - 85 = m - 6*m. List the prime factors of m.
3, 7
Let m = 117 - 114. Suppose 